actor of 30 and n?
15
Let k be 13/26 + (-42)/(-4) + 1. Suppose -3*z - k = -147. Calculate the greatest common divisor of z and 30.
15
Let t(l) = 15*l - 130. Let i be t(19). Calculate the highest common divisor of i and 31.
31
Let t(z) = -117*z - 16. Let x be t(-6). Let g = 444 - x. Let y = -53 - g. Calculate the highest common divisor of 21 and y.
21
Let q be (7 - 8)/((-2)/28). Calculate the greatest common divisor of 742 and q.
14
Suppose 21*x = -2*x + 207. Calculate the highest common divisor of 324 and x.
9
Suppose -8*n = -7*n + 3*v + 3, -3*v + 15 = 4*n. What is the greatest common factor of 12 and n?
6
Let m = 1538 - 1499. Calculate the highest common factor of 27 and m.
3
Let t(l) = l**3 + 15*l**2 + 15*l + 18. Let y be (-355)/25 + 2/10. Let q be t(y). Suppose -23 = -q*n + 17. What is the highest common factor of n and 10?
10
Suppose 0 = 6*r - 11*r - 3*q + 61, 3*q = -9. Calculate the greatest common factor of 4 and r.
2
Let u = -26 + 27. Let i(r) = -2*r - 11. Let l be i(-8). Suppose 4*c = 2*b + 32, -5*b = -l*c + c + 26. Calculate the greatest common divisor of u and c.
1
Suppose -15*o + 13*o - 24 = -3*k, -o = -2*k + 16. What is the greatest common factor of k and 40?
8
Let r(y) = -3*y + 3. Let c be r(-5). Suppose c + 7 = 5*i. Calculate the highest common divisor of i and 5.
5
Suppose -73 = -5*k + v, -4*k + 4*v - 58 = -9*k. Let a(p) = -p**2 - 18*p - 13 + 0*p**2 + 2 + 1. Let r be a(-8). What is the highest common factor of k and r?
14
Let j be (-116)/(-4) - (-20)/(-4). Suppose 3*c = -j + 57. Calculate the highest common factor of c and 121.
11
Let k(d) = -4*d**2 - 3*d + 1. Let p(z) = 5*z**2 + 3*z. Let h(j) = 2*k(j) + 3*p(j). Let b be h(-2). What is the highest common factor of b and 16?
8
Let f = 27 + 0. Let l = 13 - f. Let h = l - -22. Calculate the greatest common divisor of 64 and h.
8
Suppose -89 = 5*p + 136. Let d be -1 - ((-4)/(-2) + p). Suppose 2*v - 144 - 50 = -4*x, -5*x = 20. What is the greatest common factor of v and d?
21
Let c be (-12)/(-4)*1 + 58. Calculate the highest common factor of c and 61.
61
Let t(h) = 8*h**3 - 1. Let v be t(2). Let n be 16/4*3 - 3. Calculate the greatest common factor of n and v.
9
Suppose 0 = 4*v + 20, -5 = k - 2*v - 13. Let r(b) = -2*b**3 - 4*b**2 - 3*b - 2. Let o be r(k). What is the greatest common divisor of 28 and o?
4
Let p(y) = 6*y**2 - 98*y + 377. Let m be p(4). What is the highest common divisor of 54 and m?
27
Let d = -18 + 25. Let u = -4 + d. Let l be (u + -1)*42/4. Calculate the highest common divisor of 3 and l.
3
Suppose -3*a - 2*a + 5*i = -80, -4*i = -a + 7. Let y = a + -12. Let n = 12 + y. What is the highest common factor of 19 and n?
19
Suppose 54*f - 53*f = 0, 2*n - 138 = -f. What is the greatest common divisor of n and 3?
3
Let v = 2019 + -1051. Calculate the greatest common factor of 8 and v.
8
Suppose -14616 = -78*f - 6*f. What is the greatest common divisor of 464 and f?
58
Let h(b) = -b - 1 + 4 + 0*b - 1. Let g = 56 + -60. Let d be h(g). What is the greatest common factor of 66 and d?
6
Let v(z) = -z**2 - 15*z + 59. Let f be v(-18). What is the highest common divisor of f and 545?
5
Suppose -4*v = 5*b - 22, -6*v = -2*v + 4*b - 20. Suppose -10 + 16 = v*d. Calculate the highest common factor of 14 and d.
2
Let v(u) = u**3 - u**2 + 19. Let c be v(0). Let j = c + -5. Suppose 56 = 3*w + j. Calculate the greatest common divisor of w and 112.
14
Let m = -11 - -71. Suppose 3*d + 0*d - m = 0. Calculate the greatest common divisor of d and 10.
10
Let i = 4 + -3. Let h be (-272)/(-6) - i/3. Let v = h - 25. What is the greatest common divisor of 10 and v?
10
Let v(l) = 11*l**2 + l + 2. Let y be v(4). Let o be 84/(-126) - 152/(-3). Let i = y - o. What is the highest common factor of i and 12?
12
Suppose -4 = -2*a - 0. Let v(z) = -1 + 0*z**2 - 2*z - z**a - 5*z + 2. Let w be v(-6). Calculate the greatest common divisor of 77 and w.
7
Suppose 0 = 2*v - d + 1, 0*d - 4 = 2*v + 2*d. Let l be (14 - v) + (1 - 1). Let b(y) = -59*y + 2. Let j be b(-2). What is the greatest common factor of l and j?
15
Suppose 12*t - 120 = 11*t. What is the greatest common factor of 90 and t?
30
Suppose -16 + 36 = z. Let h = z + -6. Calculate the greatest common divisor of h and 2.
2
Suppose -361 = -7*m + 1774. Calculate the highest common divisor of 61 and m.
61
Let p = -696 - -719. Suppose 4*c - 77 = -5*z, -3*z + 2*c + 0*c = -33. Suppose 3*m - z = p. What is the highest common factor of m and 12?
12
Suppose -79 = a - 204. Let o = -155 + 57. Let t be (-7)/(-14) + o/(-4). Calculate the highest common factor of t and a.
25
Suppose -c = 4*c - 35. Let g be 3/c*-2*-7. Let n = g - -1. What is the greatest common divisor of n and 21?
7
Suppose 2*r - 28 - 46 = 0. Suppose l - r = 2*s + s, -s = -l + 39. What is the highest common factor of l and 8?
8
Suppose -5*z - 5*j = -10, -10 + 4 = -3*z + 4*j. Let a be 184/(-16)*((2 - z) + -4). What is the greatest common divisor of a and 69?
23
Let c be 21 - (-7 - (-8 + 2)). Calculate the highest common divisor of 550 and c.
22
Let o be 1/((-3)/(-6)) - -12. Let n be -3 + (4 - (-2 - 2)). Suppose 0 = n*f - 88 - 192. Calculate the greatest common divisor of f and o.
14
Let b be ((-2)/6)/((-29)/(-2001)). Let d(x) = x + 37. Let r be d(b). What is the greatest common divisor of 56 and r?
14
Let z = -11 - -14. Suppose 0 = z*u - 4*u. Suppose 8*y - 3*y - 15 = u. Calculate the highest common divisor of 6 and y.
3
Let c(k) = 2*k**3 - 6*k**2 - 8*k + 12. Let s be c(5). Suppose -5*z + 72 + 7 = 4*n, n = -4*z + s. What is the greatest common divisor of z and 209?
19
Let l = -1001 - -1012. What is the highest common factor of l and 11?
11
Let v be 4/42*3*7. Suppose -2*n - 144 = -s + 3*n, 0 = 5*s - v*n - 720. Calculate the highest common factor of s and 36.
36
Let j = -35 + 52. Let z(g) = g**2 + 6*g - 9. Let y be z(-7). Let w be (-5)/y - 667/(-46). What is the greatest common divisor of j and w?
17
Suppose -5*g + 111 = -2*j, -4 = -5*j + 3*j. Let y = -24 + g. Let l be (6/(-8))/(y/24). Calculate the highest common divisor of 6 and l.
6
Let v = -71 - -100. Suppose 45*p - 899 = 14*p. Calculate the highest common factor of p and v.
29
Let s be -3 - (-4)/8*14. Suppose 0*b = s*b - 16. Let p be (-80)/(-6)*3/2. What is the greatest common factor of b and p?
4
Suppose -44*k + 125 = -19*k. Suppose 15 = 3*q, 0*c = 4*c + 3*q + 11001. Let d be (c/(-85))/(2/k). What is the highest common divisor of d and 9?
9
Let k = 4 - 6. Let j = 32 - k. Let q = -197 + 282. What is the greatest common divisor of j and q?
17
Suppose -3 = 59*n - 60*n. What is the highest common factor of n and 135?
3
Let u(s) be the second derivative of -9*s**5/5 + s**3/3 + s**2/2 + 8*s. Let n be u(-1). What is the greatest common divisor of 280 and n?
35
Suppose -2*s + 1 = 9, n - 44 = -s. Let o = n - 42. Calculate the greatest common factor of 18 and o.
6
Let y(v) = -20*v**2 - 4*v - 36. Let f(k) = 19*k**2 + 5*k + 35. Let c(h) = 6*f(h) + 5*y(h). Let j be c(-3). Calculate the highest common factor of j and 63.
63
Let x(j) = -15*j**3 - 2*j - 1. Suppose -12*q = -2 + 14. Let y be x(q). Calculate the greatest common factor of 56 and y.
8
Suppose 18 - 13 = y. Suppose -2*h + 10 = 0, 3*i + y*h - 304 = -0*h. Calculate the greatest common factor of i and 31.
31
Let b = 1400 - 839. What is the greatest common factor of b and 11?
11
Let m(b) = -b**2 - 3*b + 9. Let s be m(6). Let l = -41 - s. Calculate the greatest common divisor of 36 and l.
4
Let c(x) be the third derivative of 0*x - 1/12*x**4 + 0 - 9*x**2 - 1/60*x**5 + 4*x**3. Let h be c(0). What is the highest common divisor of 36 and h?
12
Suppose 5*k + b + 31 = 0, 4*k - k + 16 = 2*b. Let q(j) = -4*j - 6. Let o be q(k). What is the highest common divisor of 12 and o?
6
Let k(m) = -8*m**3 + m + 315. Let j be k(0). What is the greatest common factor of j and 84?
21
Suppose -4*m - 59 = -5*m. Suppose s - 64 = -4*h, -m = s - 2*s + h. What is the highest common factor of s and 90?
30
Suppose 37 + 338 = 3*d. What is the greatest common divisor of d and 75?
25
Let o = 1661 - 1658. What is the greatest common factor of o and 339?
3
Let f = -68 + 86. Let b = f + -15. Calculate the highest common factor of b and 9.
3
Let a(u) = 3*u**3 - 3*u**2 + 3*u + 9. Let y be a(-2). Let g = y - -41. Suppose 0 = 2*l - 35 - 29. Calcu